ainder when 194 is divided by s(-1)?
47
Let p(i) = i + 10. Let a be p(9). Suppose 0 = 5*s - a - 1. What is the remainder when s/(-14) - 3105/(-63) is divided by 13?
10
Let p(y) = -y**3 + 10*y**2 - 8*y - 17. Let i = 79 + -69. What is the remainder when p(8) is divided by i?
7
Let j = 80 + -111. What is the remainder when (-1 - j/2)/((-12)/(-24)) is divided by 0/(-2) - 16/(-1)?
13
Let n(y) = -y**3 - 26*y**2 - 25*y + 3. Let d be n(-25). Suppose -d*o + 495 = 183. Calculate the remainder when o is divided by 36.
32
What is the remainder when -1*(0 - -91)*-1 is divided by 19?
15
Let t(r) = -3*r**3 + 4*r**2 + 28. What is the remainder when t(-4) is divided by 24?
20
Let r(n) = -n**3 - 5*n**2 - n + 8. Let f(j) = -4*j - 3 + 9*j + 5*j. What is the remainder when r(-6) is divided by f(2)?
16
Let f(b) = -4*b**3 - 3*b**2 - 6*b - 3. Suppose z - 3*z + 32 = 0. Calculate the remainder when f(-2) is divided by z.
13
Let n = -9 + 16. Suppose 3*c = 4*v - 73, c + c + 100 = 5*v. What is the remainder when v is divided by (12/n)/(3/21)?
10
Let o = -11 - -18. Suppose 5*j - 1 = a - 11, -a = -3*j - 12. What is the remainder when a is divided by o?
1
Let m be (152/6)/(2/3). Suppose 40*w = m*w + 50. Calculate the remainder when w is divided by 13.
12
Suppose 0 = c - 5*p - 85, 0 = 3*c - 4*p - 368 + 69. Calculate the remainder when c is divided by -5*4/(-40)*36.
15
Let u(n) = n + 8. Let z be (-176)/(-6) - (-6)/9. Suppose 24 = b - z. Calculate the remainder when b is divided by u(0).
6
Suppose -82*l + 86*l - 128 = 0. Calculate the remainder when 123 is divided by l.
27
Let n(t) = 8 - 13 + 14*t + 2 + 0. Suppose 5*k - 40 = 60. Calculate the remainder when k is divided by n(1).
9
Suppose 132 = 3*f + 45. Suppose x + 4*v - 3*v = 9, 3*x + 4*v = 28. Calculate the remainder when f is divided by ((-36)/(-16))/(3/x).
5
Let f(i) = -8*i - 1. Let d be 25/20*(-6 - -2). What is the remainder when f(d) is divided by 8?
7
Let p(q) = -q**3 - 10*q**2 - q. Let f(o) = -4*o + 2. Let h be f(5). Let m = h - -8. Calculate the remainder when 29 is divided by p(m).
9
Let v(o) = 7*o**3 - o**2 + 1. What is the remainder when v(1) is divided by 4/((1/3)/(6/18))?
3
Let r(h) = h**3 - 6*h**2 + 8. Suppose -6 + 13 = c. Calculate the remainder when r(c) is divided by 10.
7
What is the remainder when 976/14 + 52/182 is divided by 18?
16
Let q be ((-20)/40)/((-2)/12). Suppose -q*r = 5*v - 14, 0 = -r - 4*v - 0*v + 7. Suppose 2*f - r*f = -8. What is the remainder when 14 is divided by f?
6
Let f(h) = h**3 - 11*h**2 + 13*h - 13. Suppose 3*t = 6*t - 30. Suppose 12*z - 16*z = -268. What is the remainder when z is divided by f(t)?
16
Suppose 10*c = 28 + 12. Let y(i) = i**3 - 3*i**2 - 13. Calculate the remainder when 8 is divided by y(c).
2
Let u = 96 - 89. What is the remainder when 23 is divided by u?
2
Let h be (6 - 0)*(-2 - -8). Suppose -3*l + 9 - 37 = -n, -h = -n - l. Calculate the remainder when n is divided by 1/(-10) + 39/90*21.
7
Suppose -45 - 171 = -24*x. What is the remainder when (44/6)/(6/27) is divided by x?
6
Let d(r) = 17*r + 14. Let p be d(8). Suppose x - 2*z = 50, 3*x + 4*z - z = p. What is the remainder when x is divided by 14?
8
Suppose 59*r = -152 + 5816. What is the remainder when 181 is divided by r?
85
Let u(a) = a**3 - 11*a**2 - a + 15. Let i be u(11). Suppose -4*s - i*r + 17 = 1, -4*s + 7 = r. Let m = 114 - 112. What is the remainder when m is divided by s?
0
Let k be 4 - 3 - 0/4. Suppose 3*d + k - 10 = 0. Calculate the remainder when 13 is divided by d.
1
Let a be ((-189)/(-42))/((-3)/(-4)). Let j be (16 + a)*(-6)/(-4). Let m = j - 23. Calculate the remainder when 26 is divided by m.
6
Let i be ((-84)/(-8))/((-6)/(-32)). Suppose 3*z - y = i, -2*z + 7*z - 100 = -5*y. What is the remainder when 438/12 + 1*(-3)/2 is divided by z?
16
Suppose 4*d - 65 = -3*o, -24*o + 29*o - 1 = -2*d. Calculate the remainder when d is divided by 13 - (-1 - -1)/(-1).
10
What is the remainder when 37 is divided by (44 - 94)/(2*(-3)/3)?
12
Suppose -3*v - 3*t + 63 = 0, 9*v - 10*v + 41 = -3*t. What is the remainder when 122 is divided by v?
18
Suppose -10*p - 300 = -1140. Calculate the remainder when p is divided by 32.
20
Suppose -p + 23 = -y - 12, -3*p - 5*y + 145 = 0. Calculate the remainder when p is divided by ((-1)/5)/(568/(-280) - -2).
5
Suppose -5*i + 27 - 7 = 0. Suppose -i*r = 13 - 49. Suppose 4*v = 2*y + 24, -3*v - 2*y + 0 = -4. What is the remainder when r is divided by v?
1
Let d(x) = -x**3 + 3*x**2 + 3. Let c be ((-1)/(-1))/(6/18). What is the remainder when 8 is divided by d(c)?
2
Suppose 2 = -3*n - 1. Let p(t) = 17*t + 1. Let q(h) = -1. Let s(u) = -p(u) + 3*q(u). What is the remainder when 36 is divided by s(n)?
10
Let f = 35 + -21. Let z = -813 - -818. What is the remainder when f is divided by z?
4
Suppose 661*a - 624*a - 11914 = 0. Calculate the remainder when a is divided by 155.
12
Let y(h) = 9*h - 111. What is the remainder when y(14) is divided by 11?
4
Let c(o) = -30*o - 3 + 5*o**2 + 0*o**2 + 41*o. What is the remainder when c(-4) is divided by 9?
6
Let b(c) = c**2 + c - 1. Let p(y) = 5*y**2 + 5*y. Let s(n) = -4*b(n) + p(n). Let o be s(-3). Calculate the remainder when 1 is divided by 16/40*o/4.
0
Suppose 2*r + 285 = 7*r. Let u = -47 - -59. Calculate the remainder when r is divided by u.
9
Let i = 1098 - 669. What is the remainder when i is divided by 113?
90
Let f(g) = g**2 + 34. Let j be f(19). What is the remainder when 6/4*(j/15 + -3) is divided by 21?
14
Let h(v) = 7*v**2 - 29*v - 110. Calculate the remainder when h(-4) is divided by 62.
56
Let r(p) = 5*p**2 + p + 2. What is the remainder when r(2) is divided by (-56)/16*8/(-2)?
10
Let l(t) = -3*t - 8. Let c be l(-16). Suppose 0 = -2*s + 10*s - c. What is the remainder when s is divided by 3?
2
Let w = -2 - -6. Suppose -12 = -5*i + w*i. Suppose 3*z - 138 = -4*l + 55, 3*l = -2*z + 144. Calculate the remainder when l is divided by i.
10
Suppose 0 = -22*r + 13*r + 27. Let l(h) = -h**3 - 3*h**2 + h - 3. Calculate the remainder when l(-4) is divided by r.
0
Suppose -10 = -2*b + 24. Suppose 0 = 7*q + 2 - 443. Calculate the remainder when q is divided by b.
12
Suppose 4*g = i + 4*i - 24, -2*i + 2*g = -10. Suppose s + 4*m = 15, -i*m = 6*s - 2*s - 48. Calculate the remainder when 19 is divided by s.
8
Let a = -25 + 44. Suppose -16*z + 667 = -1749. Calculate the remainder when z is divided by a.
18
Let w(y) = 4*y**2 - 178*y - 60. What is the remainder when 239 is divided by w(45)?
29
Let z(s) = 3*s - 48. Let a be z(17). Suppose -5*v + a = -277. Calculate the remainder when v is divided by 12.
8
Let w = 16 + -25. Calculate the remainder when 10 is divided by (15/w)/((-2)/6).
0
Let u be 9/9 + 3 + 1. Suppose -a + t = 2*a - 34, -u*a + 90 = 5*t. Let o = 26 - a. Calculate the remainder when o is divided by 4.
1
Let p(g) = g**2 + 19*g + 4. What is the remainder when p(-31) is divided by 76?
72
Let x = -275 + 297. What is the remainder when 59 is divided by x?
15
Let z(b) = b - 1. Let a be z(5). Suppose 5*g - 4*g - 2 = 0. Suppose 5*l - 67 = -a*i - g, -70 = -5*l - 3*i. What is the remainder when l is divided by 5?
2
Let l(s) = 64*s + 1. Suppose -2*v + 3*v - 1 = 0. Let u = 52 + -35. Calculate the remainder when l(v) is divided by u.
14
Let k(l) = -l**2 + 20*l - 26. What is the remainder when k(15) is divided by 30?
19
Let f = 131 + -65. Suppose -l - 2*l = -f. Suppose 5*x = 5*g + 41 - 451, 4*g - 2*x - 334 = 0. What is the remainder when g is divided by l?
19
Suppose -723 = -11*l - 690. Calculate the remainder when 2*2*10/8 is divided by l.
2
Suppose -5*c = -8*c. Suppose c = r + 2*r - 93. Suppose v + 7 = r. Calculate the remainder when v is divided by 9.
6
Let p = -3 + 2. Let k be (-2 + (-2)/2)*p. Suppose -3*v = w - 39 - 34, k*v = -4*w + 67. What is the remainder when 73 is divided by v?
23
Let d = 75 - 62. Let h(j) = j**3 - 2*j**2 - 8*j + 3. Let y be 3 - (-4)/(1 - -1). What is the remainder when h(y) is divided by d?
12
Let b = 10 + 13. Suppose 5*c = 3*o + 59, b = c + o + 4*o. Calculate the remainder when c is divided by 4.
1
Let a be -3*(-10)/15 + -64. Let p = a - -175. Calculate the remainder when p is divided by 19.
18
Let n = -57 - -71. Suppose m - n + 4 = 0. What is the remainder when -2*14/3*-3 is divided by m?
8
Suppose 0 = k - 3*j - 12, -3*k + 4*j +